94163.
17, 29, 191
What are the prime factors of 226?
2, 113
List the prime factors of 8771.
7, 179
List the prime factors of 11396.
2, 7, 11, 37
List the prime factors of 6272.
2, 7
What are the prime factors of 1705?
5, 11, 31
List the prime factors of 660.
2, 3, 5, 11
List the prime factors of 2821.
7, 13, 31
What are the prime factors of 390?
2, 3, 5, 13
List the prime factors of 820.
2, 5, 41
List the prime factors of 6776.
2, 7, 11
What are the prime factors of 6659?
6659
What are the prime factors of 20700?
2, 3, 5, 23
What are the prime factors of 2875?
5, 23
What are the prime factors of 951?
3, 317
List the prime factors of 980.
2, 5, 7
What are the prime factors of 4982?
2, 47, 53
List the prime factors of 2044.
2, 7, 73
List the prime factors of 3610.
2, 5, 19
List the prime factors of 196.
2, 7
What are the prime factors of 1412?
2, 353
List the prime factors of 2292.
2, 3, 191
List the prime factors of 30290.
2, 5, 13, 233
List the prime factors of 24873.
3, 8291
List the prime factors of 60.
2, 3, 5
List the prime factors of 4149.
3, 461
What are the prime factors of 26324?
2, 6581
What are the prime factors of 3183?
3, 1061
What are the prime factors of 18755?
5, 11, 31
List the prime factors of 643.
643
What are the prime factors of 16494?
2, 3, 2749
What are the prime factors of 1657?
1657
List the prime factors of 279.
3, 31
List the prime factors of 166.
2, 83
What are the prime factors of 45468?
2, 3, 421
What are the prime factors of 1970?
2, 5, 197
List the prime factors of 4737.
3, 1579
List the prime factors of 7767.
3, 863
What are the prime factors of 8001?
3, 7, 127
List the prime factors of 54431.
13, 53, 79
What are the prime factors of 1224?
2, 3, 17
List the prime factors of 4127.
4127
What are the prime factors of 8013?
3, 2671
What are the prime factors of 3189?
3, 1063
List the prime factors of 18489.
3, 6163
List the prime factors of 141288.
2, 3, 7, 29
List the prime factors of 1339.
13, 103
What are the prime factors of 23148?
2, 3, 643
List the prime factors of 21616.
2, 7, 193
What are the prime factors of 97983?
3, 19, 191
What are the prime factors of 3326?
2, 1663
List the prime factors of 519.
3, 173
List the prime factors of 1128.
2, 3, 47
What are the prime factors of 7644?
2, 3, 7, 13
List the prime factors of 80911.
80911
What are the prime factors of 13295?
5, 2659
What are the prime factors of 2076?
2, 3, 173
List the prime factors of 5528.
2, 691
List the prime factors of 386.
2, 193
List the prime factors of 3076.
2, 769
List the prime factors of 80.
2, 5
What are the prime factors of 37563?
3, 19, 659
What are the prime factors of 11979?
3, 11
What are the prime factors of 70898?
2, 35449
What are the prime factors of 13788?
2, 3, 383
List the prime factors of 19652.
2, 17
List the prime factors of 437.
19, 23
List the prime factors of 26873.
7, 11, 349
What are the prime factors of 1003?
17, 59
List the prime factors of 7359.
3, 11, 223
List the prime factors of 926.
2, 463
List the prime factors of 97548.
2, 3, 11, 739
List the prime factors of 1585.
5, 317
List the prime factors of 6603.
3, 31, 71
List the prime factors of 1494.
2, 3, 83
What are the prime factors of 208051?
37, 5623
List the prime factors of 370.
2, 5, 37
List the prime factors of 2241.
3, 83
What are the prime factors of 178?
2, 89
What are the prime factors of 4719?
3, 11, 13
List the prime factors of 14791.
7, 2113
List the prime factors of 1267.
7, 181
What are the prime factors of 133?
7, 19
List the prime factors of 842.
2, 421
What are the prime factors of 58549?
58549
What are the prime factors of 3263?
13, 251
List the prime factors of 131.
131
List the prime factors of 8628.
2, 3, 719
What are the prime factors of 10382?
2, 29, 179
List the prime factors of 29914.
2, 14957
List the prime factors of 2029.
2029
What are the prime factors of 119462?
2, 7, 23, 53
What are the prime factors of 6780?
2, 3, 5, 113
List the prime factors of 8768.
2, 137
What are the prime factors of 4539?
3, 17, 89
What are the prime factors of 6420?
2, 3, 5, 107
What are the prime factors of 1063?
1063
What are the prime factors of 32791?
11, 271
List the prime factors of 598.
2, 13, 23
What are the prime factors of 119223?
3, 13, 1019
What are the prime factors of 6065?
5, 1213
What are the prime factors of 16878?
2, 3, 29, 97
What are the prime factors of 2479?
37, 67
List the prime factors of 5255.
5, 1051
List the prime factors of 731.
17, 43
What are the prime factors of 38434?
2, 11, 1747
List the prime factors of 18183.
3, 11, 19, 29
What are the prime factors of 1830?
2, 3, 5, 61
List the prime factors of 1021.
1021
List the prime factors of 39982.
2, 19991
List the prime factors of 68985.
3, 5, 7, 73
What are the prime factors of 10?
2, 5
List the prime factors of 83450.
2, 5, 1669
List the prime factors of 60930.
2, 3, 5, 677
List the prime factors of 28741.
41, 701
List the prime factors of 769.
769
List the prime factors of 1415.
5, 283
List the prime factors of 2981.
11, 271
List the prime factors of 67917.
3, 22639
List the prime factors of 3423.
3, 7, 163
List the prime factors of 42208.
2, 1319
What are the prime factors of 596?
2, 149
What are the prime factors of 318?
2, 3, 53
What are the prime factors of 808?
2, 101
What are the prime factors of 1476?
2, 3, 41
What are the prime factors of 79685?
5, 15937
List the prime factors of 4502.
2, 2251
What are the prime factors of 22033?
11, 2003
List the prime factors of 1835.
5, 367
List the prime factors of 34197.
3, 11399
List the prime factors of 4063.
17, 239
List the prime factors of 9564.
2, 3, 797
List the prime factors of 3426.
2, 3, 571
What are the prime factors of 1908?
2, 3, 53
What are the prime factors of 79053?
3, 13, 2027
What are the prime factors of 1237?
1237
List the prime factors of 8468.
2, 29, 73
List the prime factors of 33188.
2, 8297
What are the prime factors of 623?
7, 89
What are the prime factors of 1235?
5, 13, 19
What are the prime factors of 6423?
3, 2141
What are the prime factors of 82462?
2, 41231
What are the prime factors of 10420?
2, 5, 521
List the prime factors of 10041.
3, 3347
What are the prime factors of 15181?
17, 19, 47
What are the prime factors of 8216?
2, 13, 79
List the prime factors of 48445.
5, 9689
What are the prime factors of 13866?
2, 3, 2311
List the prime factors of 99162.
2, 3, 7, 787
What are the prime factors of 1389?
3, 463
List the prime factors of 15175.
5, 607
What are the prime factors of 30904?
2, 3863
What are the prime factors of 84722?
2, 11, 3851
List the prime factors of 120.
2, 3, 5
List the prime factors of 11770.
2, 5, 11, 107
What are the prime factors of 119710?
2, 5, 11971
List the prime factors of 87006.
2, 3, 17, 853
What are the prime factors of 159?
3, 53
List the prime factors of 7307.
7307
What are the prime factors of 27732?
2, 3, 2311
What are the prime factors of 6058?
2, 13, 233
What are the prime factors of 4701?
3, 1567
List the prime factors of 324.
2, 3
List the prime factors of 10484.
2, 2621
What are the prime factors of 54142?
2, 11, 23, 107
List the prime factors of 56762.
2, 101, 281
What are the prime factors of 1240?
2, 5, 31
What are the prime factors of 1075?
5, 43
What are the prime factors of 255?
3, 5, 17
List the prime factors of 10378.
2, 5189
List the prime factors of 11603.
41, 283
What are the prime factors of 515?
5, 103
What are the prime factors of 1677?
3, 13, 43
List the prime factors of 3304.
2, 7, 59
List the prime factors of 12222.
2, 3, 7, 97
List the prime factors of 2247.
3, 7, 107
What are the prime factors of 993?
3, 331
What are the prime factors of 13896?
2, 3, 193
What are the prime factors of 600?
2, 3, 5
What are the prime factors of 31784?
2, 29, 137
What are the prime factors of 2125?
5, 17
What are the prime factors of 21058?
2, 10529
What are the prime factors of 60508?
2, 7, 2161
What are the prime factors of 648?
2, 3
What are the prime factors of 12181?
13, 937
What are the prime factors of 3277?
29, 113
What are the prime factors of 131?
131
List the prime factors of 18671.
18671
List the prime factors of 42027.
3, 14009
What are the prime factors of 30509?
30509
List the prime factors of 52606.
2, 29, 907
What are the prime factor